 -6. Let i be h/(6/8*2). Suppose -l = 3*x + i, -2*l = -x + 5*x + 2. What is the units digit of l?
1
Let a(y) = -y + 10. Let c be a(0). Suppose 0*p = -5*p + c. Let w = p - -5. What is the units digit of w?
7
Let x(j) = j**3 + 13*j**2 - 3*j + 4. Let l be x(-13). Suppose -b - 11 + l = 0. What is the tens digit of b?
3
Let u(h) = h**3 - 11*h**2 + h - 6. Let v be 11*(-4 + (-10)/(-2)). What is the units digit of u(v)?
5
Let g be (-3)/5 - (-9)/15. Suppose -15 = 5*p, 0 = 5*i - g*p - 2*p - 96. What is the tens digit of i?
1
Let i = -39 + 69. What is the tens digit of i?
3
Let o(y) = 11*y**2 + 4*y + 6. What is the hundreds digit of o(4)?
1
Suppose -2*f = -3*l + 879, 1449 = 5*l + 6*f - 4*f. What is the tens digit of l?
9
Let p be 1*-1*2/1. Let h = p - -1. What is the units digit of -1 - h/(-1)*-7?
6
Let k = 3 - 1. Let l(f) = 9*f - 14. Let r be l(3). What is the tens digit of r*-1*(1 - k)?
1
Suppose 0 = -4*h + 3*m + 22 + 2, 2*m = -4*h + 24. Suppose p = -p + h. What is the units digit of p?
3
What is the units digit of 12/48 + (-3693)/(-24)*2?
8
Suppose -5*d + 2*d = 4*i - 28, 3*d = -5*i + 32. Suppose 42 = i*l - l. What is the units digit of l?
4
Let a(v) = 27*v**3 - 2*v**2 + 3*v - 2. What is the units digit of a(1)?
6
Let f = 46 - 96. What is the units digit of (-52)/5*f/20?
6
Let d be ((-6)/(-4))/3*-4. What is the units digit of (-1)/(-2)*d*-4?
4
Suppose -5*d - 5*k + 60 = 10, -25 = -2*d + 3*k. Suppose 0 = 4*t - 5*t + d. What is the tens digit of t?
1
Let w = 8 + -3. Suppose 0 = m + 3*c + 4, 0*m + w*m - 3*c - 34 = 0. Suppose 0 = -m*y + 5 - 0. What is the units digit of y?
1
Let t = 2 + 10. What is the units digit of 42/8 + t/16?
6
Suppose -o + 483 = 6*o. What is the tens digit of o?
6
Let i = -51 + 85. What is the units digit of i?
4
Let b(d) = 2*d**3 + 0*d**2 - d**2 + 10 - d**3. Let w be b(0). Suppose w - 28 = -3*z. What is the units digit of z?
6
Let i = 0 + -10. Let h = 16 + i. Suppose 0 = q - h*q + 5*v - 5, 29 = q + 5*v. What is the units digit of q?
4
Let o(j) = 5*j**2 - 2*j + 4. What is the hundreds digit of o(-8)?
3
Suppose l - 8 = -5*k - 102, -k - 5*l - 14 = 0. Let o = k - -36. What is the units digit of o?
7
Let f(v) = -4*v**3 - 3*v**2 - v**3 + 4*v**3 + v + 3. Let s be f(-3). Suppose -b + s*b = -6. What is the units digit of b?
6
Suppose 0 = -3*p + 5 + 28. Let x(v) = -v**2 + 12*v - 8. What is the units digit of x(p)?
3
Suppose 0*n + 3*n = 123. What is the tens digit of n?
4
Let f be 2/8 - (-123)/(-12). Suppose -2*m - 540 = -6*m. What is the units digit of (-2)/4 - m/f?
3
Let w be -125*1*(-2 - -1). Let t be (-4)/6 + w/(-15). Let h = -5 - t. What is the units digit of h?
4
Let b(w) = w**3 - 9*w**2 - 10*w + 9. Let o be b(10). Let n(v) = v - 13. Let x be n(o). Let t = -2 - x. What is the units digit of t?
2
Let r be (-1 + 0)/((-2)/(-2)). Let b(j) = -4 - 5*j + 0 + 3. What is the units digit of b(r)?
4
Let s = -10 - -26. What is the units digit of s?
6
Let c(r) = -3*r**3 + r**2 - 3*r + 18. Let g(m) = m**3 + m - 1. Let h(o) = c(o) + 4*g(o). What is the tens digit of h(0)?
1
Suppose 97 = 4*g - 5*p, -2*g + 3*p + 45 = -4. Suppose -69 = -4*k + g. Suppose 2*w - k = -3*a + w, -4 = -2*a + 5*w. What is the units digit of a?
7
Let r be (-1)/(-2)*(-6 - -8). Let m(a) = 16*a - 2. What is the units digit of m(r)?
4
Suppose 0 = c - 0*c - 112. What is the hundreds digit of c?
1
Let h be ((-12)/5)/(6/(-20)). Let c = -3 + h. What is the units digit of c?
5
Let u(m) = -2*m - 3. Suppose z + 4*z = 25. Suppose z*s + 7 = -3. What is the units digit of u(s)?
1
Suppose -26*d + 70 = -19*d. What is the units digit of d?
0
Let v(f) = -f + 5. Let w(x) = 4*x - 21. Let t(u) = -26*v(u) - 6*w(u). What is the units digit of t(7)?
0
Let t(b) be the first derivative of -b**4/4 + b**2/2 + 2*b - 2. Let a be t(0). Suppose 3*w + a*y - 13 = -2, -4*y = 5*w - 19. What is the units digit of w?
3
What is the tens digit of -2 + -2 + 1 + 35?
3
Suppose 0 = -4*x - 5*z - 464, 2*x - z + 226 = 8. Let q be x/(-21) - (-8)/(-28). Suppose 8 = n - q*o, 5*n + o - 40 = 5*o. What is the units digit of n?
8
Let a = -46 + 71. What is the tens digit of a?
2
Let a(z) = 2*z**2 - 2*z + 3. What is the tens digit of a(-5)?
6
Let q = -6 + 8. Suppose g - 5*d = -2*d - 5, q = 2*d. What is the units digit of 22*g/(-8)*2?
1
Let u(q) = -q**2 - 11*q - 7. Let c(d) = d + 2. Let v be c(-2). Let x(p) = p - 10. Let n be x(v). What is the units digit of u(n)?
3
Let v be (2 - 1)/(2/8). Suppose h - 5 - v = 0. What is the units digit of h?
9
Suppose 651 = 7*u - 308. What is the hundreds digit of u?
1
Suppose -3*i = i - 12. Suppose -2*z + i*u - 65 = -3*z, -3*u = -3*z + 147. What is the units digit of 2/(z/17 + -3)?
7
Let x(k) be the second derivative of k**4/12 - 2*k**3/3 - k**2/2 - 5*k. What is the tens digit of x(-3)?
2
Let k(y) = -6*y. Let n be k(2). Let w = -7 - n. What is the units digit of w?
5
Suppose 0 = -8*n + 4*n + 140. Let k be (-6)/((-1 - -2) + -3). Suppose 4*q - 40 = w, -2*q - k*q + 5*w + n = 0. What is the units digit of q?
1
Suppose -x = -5*p + 3, -p + 1 = -4*x - 11. Suppose 0 = -2*m + 4 - p. Let t = 5 + m. What is the units digit of t?
7
Let t(v) be the third derivative of v**6/360 - v**5/40 + v**4/4 - v**3/2 - 3*v**2. Let q(x) be the first derivative of t(x). What is the tens digit of q(4)?
1
Let k = 24 + 106. What is the units digit of k?
0
Let d(c) be the second derivative of -c**5/30 - 5*c**4/24 + c**3/6 - 2*c. Let p(y) be the second derivative of d(y). What is the units digit of p(-4)?
1
Let f = 6 + 10. What is the tens digit of f?
1
Suppose -5*s = -8 - 12. Suppose -s*t + 7 = 3*k + 1, -5*t + 3*k = -21. What is the units digit of t?
3
Suppose -169 = -5*g + 151. Suppose 5*x = 14 - g. What is the units digit of (-65)/x - (-2)/4?
7
Suppose -z - 28 = 3*z. Let s = z + 36. Suppose h - l - s = -2*h, -4*h + 5*l + 46 = 0. What is the units digit of h?
9
Suppose 341 = -3*v - 4*r, v + 3*v + r + 433 = 0. Let p = v - -159. What is the tens digit of p?
5
Let s(r) = 3*r**2 + 9*r + 14. Let y(z) = -4*z**2 - 14*z - 21. Let d(o) = -7*s(o) - 5*y(o). What is the units digit of d(7)?
7
Let r(f) = f**2 + 7*f + 1. Let l be r(-7). Let j = l - 1. Suppose j = 2*b + a - 0*a - 14, -a = 4*b - 30. What is the units digit of b?
8
Let r(u) = 2*u**3 - 5*u**2 - 4*u - 3. Let s be r(5). Suppose -8 = -5*a + 17, -3*a = 3*c - s. What is the tens digit of c?
2
Let r(h) = -h**3 + 2*h - 1. Let b be r(-2). Let l(u) = 4*u**2 - 3*u - 3. What is the units digit of l(b)?
4
Suppose 0 = 4*f - 26 - 6. Let b be (5 + -7)*(-2)/4. What is the units digit of f*b - (-1 - 1)?
0
Let n(d) = 3*d**2 + d - 1. Suppose -3 = 5*r + 7. What is the units digit of n(r)?
9
Let b = -5 + 11. Let c be b/3 - (6 - 3). What is the units digit of (c*(-4 - -1))/1?
3
Let m be 9 - 22 - (1 - 4). Let a = m - -19. What is the units digit of a?
9
Let s(y) = -y**3 + y**2 + 4*y - 3. Let o be s(2). Suppose -t + o = -1. What is the units digit of t?
2
Suppose -15 = 3*v - 8*v. Suppose -v*q + 6*q - 18 = 0. What is the units digit of q?
6
Let z be 2/(-3) + (-10)/(-6). Suppose 4*p = 4*i, 3*p + i = -2*p. Let d = z + p. What is the units digit of d?
1
Let t = 2 - 4. What is the units digit of (-6)/(t/3*1)?
9
Let w(u) = -u**2 - 8*u + 4. Let g be w(-8). Suppose 5*b - 8 = g*b. Suppose -b = -0*x - x. What is the units digit of x?
8
Let a(x) be the first derivative of 2*x**3/3 - 2*x**2 - 4*x + 3. What is the tens digit of a(4)?
1
Let o be 3 - -2*9/(-6). Suppose y = -o*y + 4. What is the units digit of y?
4
Let x = -16 + 16. Suppose 2*s - 3*s + 19 = x. What is the tens digit of s?
1
Let c(w) = -w**2 - 7*w - 7. Suppose -q + 5*f - 10 = -4*q, 0 = 4*q - 2*f + 30. Let x be c(q). Let n = x - -1. What is the units digit of n?
4
Suppose 2*w - 104 = 2*s, 3*w + 4*s - 215 = -2*w. What is the units digit of w?
7
Let w(f) = -f**3 + 4*f**2 + 5*f + 6. Let v be w(5). Let d be v + (0/(-2) - 2). What is the units digit of (d - -3)/(-1 - -2)?
7
Let g(k) = k**3 - 3*k**2 + 3*k. Let s be g(2). What is the tens digit of 13 - 1*(s - 5)?
1
Let t(c) = 13*c - 11. What is the units digit of t(5)?
4
What is the units digit of 3 - (-120 + (-6*2)/(-4))?
0
Let g(i) = -i**2 - 9*i - 4. Let n be g(-8). Suppose n*r - r = 30. What is the units digit of r?
0
Let h be (-9)/(-12) + (-6)/8. Let q be (-1)/(-4 - (h + -3)). What is the units digit of q/((